
3151
Convert -5dce (base 15) to base 2.
-100111000011010
What is -183 (base 16) in base 12?
-283
What is 7970 (base 13) in base 4?
10021133
4220 (base 10) to base 3
12210022
Convert 17 (base 11) to base 4.
102
Convert 70631 (base 8) to base 11.
1a938
What is -16262 (base 7) in base 10?
-4601
Convert 571 (base 9) to base 8.
725
Convert 3136 (base 8) to base 9.
2211
-1100022212 (base 3) to base 12
-133ab
What is 4164 (base 9) in base 10?
3055
-1a696 (base 12) to base 4
-21201102
What is 27065 (base 9) in base 12?
a6b8
3827 (base 11) to base 10
4990
-4a73 (base 13) to base 7
-42552
6611 (base 8) to base 6
24013
Convert -1000120 (base 3) to base 6.
-3240
What is -965 (base 14) in base 4?
-130331
14e47 (base 15) to base 7
400222
Convert -100000101011 (base 2) to base 13.
-c4b
What is -14a3 (base 13) in base 2?
-101110111110
Convert 2a06 (base 14) to base 3.
101020002
What is b6 (base 16) in base 3?
20202
202 (base 5) to base 10
52
What is 12888 (base 12) in base 2?
110001101101000
-64102 (base 8) to base 6
-323322
Convert -104431 (base 5) to base 14.
-1513
-110011 (base 2) to base 10
-51
What is 32c (base 13) in base 5?
4140
What is -122 (base 4) in base 7?
-35
-168 (base 10) to base 4
-2220
-2130144 (base 5) to base 13
-136a3
Convert -1223 (base 5) to base 14.
-d6
-11011000111 (base 2) to base 8
-3307
What is 120202 (base 3) in base 12?
2b5
Convert 323 (base 6) to base 3.
11120
Convert 75511 (base 8) to base 15.
9541
Convert 211121 (base 3) to base 15.
2aa
Convert -4052 (base 6) to base 3.
-1020012
-12010102 (base 3) to base 16
-e99
41685 (base 10) to base 7
232350
What is 20200110 (base 3) in base 9?
6613
Convert 44 (base 8) to base 3.
1100
-21135 (base 7) to base 14
-1c8c
-3b47 (base 12) to base 5
-204243
-118 (base 12) to base 2
-10100100
Convert bb (base 16) to base 12.
137
Convert -100764 (base 8) to base 15.
-9ccd
What is 31 (base 14) in base 9?
47
What is 1112101012 (base 3) in base 12?
15558
What is 13531 (base 6) in base 5?
32033
4314 (base 11) to base 6
42222
Convert -2012 (base 6) to base 5.
-3230
What is -2936 (base 11) in base 4?
-323032
Convert -1111010110110 (base 2) to base 5.
-222422
-889 (base 16) to base 6
-14041
What is -73b (base 14) in base 10?
-1425
Convert 19482 (base 15) to base 2.
10100000001100110
32110000 (base 4) to base 16
e500
Convert -2852 (base 16) to base 10.
-10322
Convert 165b (base 13) to base 12.
1a9b
What is 6603 (base 7) in base 16?
933
183 (base 14) to base 2
100110111
Convert -1d7 (base 14) to base 11.
-320
21211032 (base 4) to base 6
501410
-11110101 (base 2) to base 5
-1440
What is -12313 (base 4) in base 15?
-1e4
Convert -1320001 (base 4) to base 3.
-101112111
Convert 313441 (base 7) to base 2.
1101001100111100
What is 342b (base 14) in base 16?
235f
Convert -12 (base 16) to base 15.
-13
What is 431 (base 5) in base 9?
138
-101110011 (base 3) to base 7
-31132
What is 495 (base 13) in base 16?
31e
What is -1001100 (base 3) in base 16?
-2fd
6006 (base 12) to base 15
3119
Convert 314 (base 5) to base 6.
220
Convert -1683 (base 16) to base 8.
-13203
-130505 (base 7) to base 8
-57304
-1012 (base 7) to base 12
-254
7d81 (base 14) to base 11
15481
What is 168 (base 14) in base 10?
288
What is 18c20 (base 14) in base 15?
138d3
-122112022 (base 3) to base 11
-9668
What is 12515 (base 12) in base 11?
17803
-269 (base 12) to base 15
-199
Convert 412 (base 12) to base 7.
1502
Convert -2c (base 14) to base 13.
-31
-10810 (base 9) to base 5
-212333
-1112202 (base 3) to base 9
-1482
Convert -e84 (base 15) to base 12.
-1a8a
916e (base 16) to base 6
444210
Convert -194b (base 16) to base 4.
-1211023
Convert 2d5 (base 15) to base 3.
220002
12535 (base 6) to base 3
2122112
-2310 (base 4) to base 14
-cc
a5a (base 12) to base 3
2001221
What is 73b5 (base 14) in base 3?
1000101002
What is -648 (base 11) in base 7?
-2161
1608 (base 12) to base 5
40400
What is -21572 (base 10) in base 12?
-10598
1401 (base 10) to base 5
21101
Convert 438 (base 9) to base 8.
547
981 (base 11) to base 16
49a
Convert -2641 (base 8) to base 7.
-4126
Convert -36116 (base 12) to base 5.
-4311423
What is -2931 (base 10) in base 14?
-10d5
3926 (base 15) to base 5
342221
Convert -167 (base 8) to base 6.
-315
Convert -1113013 (base 4) to base 12.
-3287
-163b (base 12) to base 11
-1a8a
-2dc (base 14) to base 9
-721
Convert 2311 (base 5) to base 4.
11023
1330 (base 4) to base 16
7c
-2204 (base 12) to base 2
-111010100100
Convert 2030011 (base 4) to base 13.
4108
-423a (base 13) to base 3
-110120211
-1146 (base 7) to base 3
-120210
Convert 85b8 (base 13) to base 4.
10202030
37688 (base 10) to base 15
b278
Convert 212303 (base 4) to base 5.
34413
What is 2bb (base 13) in base 11?
408
What is 10143 (base 6) in base 5?
20414
What is -101101111101 (base 2) in base 11?
-2234
Convert 1345c (base 13) to base 12.
18941
-23001 (base 4) to base 3
-222010
What is 1101100100 (base 2) in base 6?
4004
-2207 (base 9) to base 5
-23002
-10110010011 (base 2) to base 16
-593
What is -40 (base 5) in base 10?
-20
-304 (base 9) to base 4
-3313
What is 2875 (base 13) in base 10?
5842
Convert -1f11 (base 16) to base 8.
-17421
What is 211220 (base 6) in base 16?
42fc
-2cb (base 14) to base 16
-23b
63465 (base 8) to base 12
13359
-255 (base 11) to base 10
-302
-10552 (base 6) to base 9
-2055
684 (base 13) to base 11
930
What is -12022112 (base 4) in base 7?
-133403
What is -3462 (base 8) in base 13?
-ab9
Convert -33274 (base 10) to base 9.
-50571
Convert -14554 (base 6) to base 16.
-946
Convert -388 (base 11) to base 13.
-294
-5a1 (base 11) to base 8
-1314
Convert -10b8d (base 14) to base 3.
-2001211022
What is -2410 (base 6) in base 13?
-35a
Convert 2127 (base 8) to base 6.
5051
Convert 12372 (base 8) to base 12.
3136
Convert -2440 (base 5) to base 6.
-1414
2443131 (base 5) to base 3
2101000101
Convert 1022101 (base 3) to base 9.
1271
What is -1400420 (base 5) in base 4?
-12321023
-23231 (base 5) to base 6
-11455
-1ab7 (base 12) to base 15
-ea7
What is 590 (base 12) in base 4?
30330
-b08c (base 14) to base 8
-73144
Convert -5220 (base 10) to base 12.
-3030
What is 258 (base 11) in base 7?
614
What is -10211031 (base 4) in base 11?
-1310a
Convert -248 (base 13) to base 9.
-482
What is 3cb8 (base 14) in base 7?
43221
Convert -3116 (base 10) to base 13.
-1559
What is 3a5a (base 11) in base 12?
3070
What is -222003 (base 4) in base 5?
-41231
What is 155424 (base 8) in base 16?
db14
What is -120201210 (base 3) in base 13?
-52b3
Convert -325c (base 13) to base 5.
-211011
What is -2222011 (base 3) in base 9?
-2864
Convert -1485 (base 9) to base 12.
-7a2
What is -872 (base 14) in base 2?
-11010000100
-4426 (base 7) to base 9
-2154
What is -145 (base 14) in base 3?
-100112
Convert 192 (base 16) to base 14.
20a
Convert -714 (base 12) to base 9.
-1357
Convert -1000010011010000 (base 2) to base 12.
-17814
-110210 (base 3) to base 12
-249
Convert 63293 (base 10) to base 15.
13b48
Convert 20 (base 16) to base 4.
200
What is -121112 (base 3) in base 15?
-1eb
11255 (base 7) to base 11
2190
-1110101 (base 3) to base 8
-2047
Convert -17af (base 16) to base 5.
-143223
What is 354c (base 15) in base 13?
51cc
Convert 11702 (base 9) to base 5.
222414
Convert 1202 (base 7) to base 12.
30b
-2304 (base 7) to base 3
-1011000
Convert -1101011111101010 (base 2) to base 5.
-3232044
-1e4 (base 16) to base 5
-3414
Convert 11221 (base 5) to base 11.
678
What is -1041 (base 11) in base 7?
-4004
Convert 3461 (base 12) to base 16.
16c9
What is 10201020 (base 3) in base 12?
1696
-163 (base 16) to base 11
-2a3
What is -2223 (base 5) in base 3?
-102121
What is 2a4 (base 14) in base 13?
323
What is e38d (base 16) in base 9?
87815
Convert 20020232 (base 4) to base 7.
166106
263 (base 11) to base 2
100110111
21222022 (base 3) to base 4
1122311
-202122121 (base 3) to base 14
-56b5
Convert -2444 (base 6) to base 14.
-312
112222211 (base 3) to base 16
2ab2
Convert -176 (base 12) to base 9.
-280
What is 54344 (base 7) in base 13?
622a
-374 (base 9) to base 16
-136
Convert 1362 (base 7) to base 14.
2a2
Convert 4624 (base 7) to base 6.
11444
What is 1000121 (base 4) in base 3?
12122122
What is -214512 (base 7) in base 10?
-37641
What is 2626 (base 12) in base 8?
10376
Convert -212111 (base 3) to base 9.
-774
Convert 8749